 = -29 - -45. Let t be 96/(-80)*50/(-3). What is the remainder when (8/(-10))/(t/(-1150)) is divided by p?
14
Let b(j) = j**2 - 43*j + 38. Let u be b(26). What is the remainder when (-2)/(-7) - (-6 + u/7) is divided by 34?
30
Suppose -3*z = -8*z + r - 11063, -5*r + 15 = 0. Calculate the remainder when ((z/8)/7)/(1/(-2)) is divided by 9.
7
Suppose -14898 + 3360 = -6*x. Calculate the remainder when x is divided by 1912.
11
Suppose -4*m - 4*i = -192, -5*m + 16*i = 11*i - 270. Calculate the remainder when 504 is divided by m.
45
Let o(n) = -2*n**2 - 25*n + 486. What is the remainder when 181 is divided by o(-23)?
1
Let t(u) = -1174*u - 7653. What is the remainder when t(-7) is divided by 280?
5
Let o = -734 - -2165. Let j = o + -858. What is the remainder when j is divided by 115?
113
Let u(o) = -6*o - 57. Let b be u(-10). Suppose t - 10 = -14, b*t + 392 = 5*v. What is the remainder when v is divided by 26?
24
Suppose -t = -3*s - 50, -2*t + 41 = 3*s - 32. Calculate the remainder when 573 is divided by t.
40
What is the remainder when ((6 - (-988)/(-39)) + 14)/((-1)/6) is divided by 31?
1
Suppose -n = -l - 0*l - 36, 5*l - 66 = -n. Let h(d) = -7*d - 30. Let j be h(-7). Suppose -6*o + 85 = j. What is the remainder when n is divided by o?
8
Suppose -8*n - 1613 + 2765 = 0. What is the remainder when 901 is divided by n?
37
Let t = -49 - -12. Let k = t - -37. Suppose k = -2*a - 4*n + 186, -4*a + 276 = -4*n - 72. Calculate the remainder when a is divided by 10.
9
Suppose 300 = -110*u + 170*u. Calculate the remainder when 2382 is divided by u.
2
Suppose 4*q - 103 = 2*u - 31, 3*q - 39 = -u. What is the remainder when 11863 is divided by q?
13
Suppose 0 = -166*h - 201*h + 45508. Calculate the remainder when 426 is divided by h.
54
Let o(b) = 2*b + 26. Let u be o(-13). Suppose 2*c - 84 = -u*c. Let t(k) = 3*k + 103. What is the remainder when t(-7) is divided by c?
40
Let c = 20 + 11. Let j(o) = -o**3 - 36*o**2 - 36*o + 119. Calculate the remainder when j(-35) is divided by c.
30
Suppose -79*u + 2091 + 13084 = -72. Calculate the remainder when 764 is divided by u.
185
Suppose 2*j - 50 = -o - 3, -4*o = -4*j - 128. Let m = -345 - -449. What is the remainder when m is divided by o?
30
Let t = -81 - -152. Let g = 71 - t. Suppose g = 7*k + 2*k - 117. What is the remainder when 127 is divided by k?
10
Let v = 4636 + -4351. Calculate the remainder when v is divided by 48.
45
Let x = -10689 - -10748. Calculate the remainder when 884 is divided by x.
58
Suppose 32728*g - 32723*g = 70. What is the remainder when 426 is divided by g?
6
Suppose 0 = 3*k - 2*y - 37, 0 = -k - 3*y - 1 - 5. Let m(o) = 8 - 592*o**3 - 9*o**2 + 1193*o**3 - 600*o**3. Calculate the remainder when 21 is divided by m(k).
5
Suppose -w = 4*w - 20. What is the remainder when (394/16 - -2) + (12 - (-744)/(-64)) is divided by 2 + (-4)/(w/(-5))?
6
Suppose -2*z = -2*k + 707 - 2603, -3 = k. Suppose z = -12*l + 5*l. What is the remainder when 84 is divided by 27/l + (-292)/(-10) + 0?
26
Let r = -3450 - -3465. What is the remainder when 97 is divided by r?
7
Suppose 3*v + f - 42 = 0, 16*f + 56 = 4*v + 17*f. Calculate the remainder when 14989 is divided by v.
9
Let u(s) = s + 6*s - 9 - 13*s + 2*s. Let j be u(-4). Let p(y) = 5*y + 2. Calculate the remainder when 107 is divided by p(j).
33
Suppose 4*c = 2*a - 1128, -3*a - 8*c = -201 - 1449. What is the remainder when a is divided by 54?
18
Suppose -4*t = 5*m - 2*m - 364, 5*m + 2*t - 616 = 0. Suppose m = 5*z - 191. Calculate the remainder when z is divided by 17.
12
Let q be -1 + (3 - 2)*11. Suppose 0 = -10*w - 0 + q. Calculate the remainder when w/((-2)/(-5))*16 is divided by 15.
10
Suppose 153 = -14*s + 13. Let q = 0 + s. Calculate the remainder when 132*(16/40 - 1/q) is divided by 23.
20
Calculate the remainder when 10*(-2)/(-4)*6350/125 is divided by 20.
14
Suppose -3*h = -2*w + 413, 3*h = 5*w + 4*h - 1024. Suppose 0 = 3*n + 2*n - w. Let z = 1037 + -874. Calculate the remainder when z is divided by n.
40
Let l be 32/(-14) - 2/(-7). Let y = 543504 + -543490. What is the remainder when (-1 - -2)/(l/(-132)) is divided by y?
10
Calculate the remainder when 294 is divided by ((-278)/4*2)/(611/(-611)).
16
Let t(v) = 2*v**2 + 34*v + 24. Let l be t(-13). Let m = l - -94. Calculate the remainder when 40 is divided by m.
12
Let r(d) = -10*d + 172. Let s be r(17). Suppose s*i - 3*u = -0*u + 216, 4*i = -u + 446. What is the remainder when i is divided by 51?
9
Suppose 0 = 2*z - 5 + 1. Suppose z*p = 60 - 10. What is the remainder when p is divided by -3*(-140)/(-150)*(-6 + 1)?
11
Suppose -v + 37 = 3*k, 7*k - 58 = 2*k + 2*v. Suppose 4 + 10 = 7*d. Suppose 90 = -d*l + 11*l. Calculate the remainder when k is divided by l.
2
Let a = -61 - -259. Let t be (-85085)/(-275) + 2/(-5). Let m = t - 284. Calculate the remainder when a is divided by m.
23
Suppose -3*g + 2 = -4*g - d, 3*d + 6 = -5*g. Suppose 4*n - 28 = -g*n. Suppose 0 = -n*o + 2*o + 50. What is the remainder when 38 is divided by o?
8
Suppose 5*g - 54 = 2*g. Let y = 3 + g. Let s(w) = w**2 - 490. Calculate the remainder when s(-23) is divided by y.
18
Let g be (-3 + (3 - 1))*-5. Let z(d) = -d**2 + 5*d + 10. What is the remainder when 189 is divided by z(g)?
9
Let b be 714/(-28)*(124/(-6) + -2). Suppose -6*p + b = 224. What is the remainder when p is divided by 4?
3
What is the remainder when 202 is divided by (13 + -101 - -2)/((-2)/4)?
30
Let x(p) = 6 - 89 + 3 + 11*p. Calculate the remainder when 161 is divided by x(11).
38
Suppose 0 = -6*j + 186 - 720. Let z = j + 99. Let c(v) = v + 10. Calculate the remainder when c(0) is divided by z.
0
Let z(b) = 9*b**2 - 6*b + 9*b**2 - 8*b**2 + 13*b - 5 + b**3. Let x = -24 - -73. Calculate the remainder when x is divided by z(-9).
10
Let l = -93 + 98. Suppose -2*q + 2*t - 64 = -6*q, 0 = -l*q - t + 86. What is the remainder when 50 is divided by q?
14
Let v be 1091/2 + 125/50 + 2. Suppose 551*k - 64 = v*k. Calculate the remainder when 511 is divided by k.
63
Let m be (13 - 5) + -4 + -4. Suppose q = 4*t + 17, 0 = -2*t - m*t - 4. Suppose -q*o = -3*o - 138. Calculate the remainder when o is divided by 7.
2
Suppose 0 = 2*o + z + 4*z + 6, -18 = -5*o + 4*z. Let s(l) = 6*l**3 - 11*l + 25. What is the remainder when s(o) is divided by 11?
7
Suppose 7 = -7*a + 2*a - 3*v, -2*v - 9 = -a. Suppose 0 = q - 6 - 7. What is the remainder when (4 - (-37 - 8))*a is divided by q?
10
Suppose 7*w = 4285 + 8924. What is the remainder when w is divided by 90?
87
Suppose 3*j = 8*j + 3*n - 149, -122 = -4*j - n. Suppose -2*p - 9 = 3*v + 12, 5*v + 29 = -3*p. Let x = p + j. Calculate the remainder when 62 is divided by x.
10
Suppose -271 = -2*s - 3*n, s = -0*s - 5*n + 139. Let u = -3614 - -3683. Calculate the remainder when s is divided by u.
65
Let q be ((-65)/5)/(3 + -4). Let i be (q + (-2 - -2))*3. Calculate the remainder when ((-52)/6)/((-26)/i) is divided by 3.
1
What is the remainder when 4678 is divided by 96/80*20*(-3 + 30/9)?
6
Let o(g) = 2*g**3 + 66*g**2 - 66*g + 68. Let p be o(-34). Suppose 883 = 2*t - 4*d - 431, -t + 4*d + 655 = p. Calculate the remainder when t is divided by 60.
59
Suppose -3*m - 1290 = -2*z, 0 = -2*z - m + 1132 + 166. Let c = z - 581. Calculate the remainder when c is divided by 40.
27
Let c(a) = -2*a**3 - 13*a**2 - 6*a + 2. Let m = -3 + 5. What is the remainder when c(-6) is divided by m?
0
Let b(t) = t**2 - 8*t + 17. Let m be b(6). Suppose 378 + 22 = m*w + 4*f, 425 = 5*w - f. What is the remainder when w is divided by 13?
6
Let i(j) = -j + 2. Let w be i(-4). Let o(f) = -9*f + 4. Let g be o(w). Let u = g + 73. Calculate the remainder when 44 is divided by u.
21
Suppose -4*y - 4*p = -4860, -4313*y - 2430 = -4315*y + 3*p. What is the remainder when y is divided by 228?
75
Suppose 0 = -k - 0*k - 5*w - 9, -4*k + 4*w = -12. Let g be 68/(-4) + k - 4. Calculate the remainder when g*(4 - (-144)/(-20)) is divided by 13.
12
Let h(s) = 13*s**3 - 10*s**2 - 28*s + 176. What is the remainder when h(7) is divided by 52?
49
Let f(y) = 5*y + 24. Suppose 29*t - 40 = 25*t. Suppose -5*d = -10 - 85. What is the remainder when f(t) is divided by d?
17
What is the remainder when 298936/1032 - 5/3 is divided by 160?
128
Let w = -4303 + 6338. What is the remainder when w is divided by 136?
131
Let u(k